at is the millions digit of 3751314?
3
What is the tens digit of 1020155?
5
What is the units digit of 461587?
7
What is the units digit of 1012867?
7
What is the ten thousands digit of 26451793?
5
What is the units digit of 15706875?
5
What is the tens digit of 18752650?
5
What is the thousands digit of 1143113?
3
What is the hundreds digit of 87311?
3
What is the tens digit of 116216?
1
What is the ten thousands digit of 130621?
3
What is the ten thousands digit of 566208?
6
What is the tens digit of 58165?
6
What is the ten thousands digit of 5842718?
4
What is the thousands digit of 5240449?
0
What is the ten thousands digit of 19302934?
0
What is the tens digit of 414449?
4
What is the ten thousands digit of 446837?
4
What is the hundreds digit of 2024545?
5
What is the tens digit of 1368722?
2
What is the units digit of 305332?
2
What is the thousands digit of 172334?
2
What is the millions digit of 1110390?
1
What is the tens digit of 927285?
8
What is the hundreds digit of 130335?
3
What is the ten thousands digit of 173693?
7
What is the hundred thousands digit of 3948576?
9
What is the hundreds digit of 238048?
0
What is the hundreds digit of 6897285?
2
What is the tens digit of 744892?
9
What is the units digit of 914576?
6
What is the tens digit of 2423594?
9
What is the millions digit of 1362608?
1
What is the thousands digit of 5239734?
9
What is the ten thousands digit of 998098?
9
What is the thousands digit of 6633018?
3
What is the thousands digit of 320223?
0
What is the tens digit of 761032?
3
What is the units digit of 279?
9
What is the hundreds digit of 216876?
8
What is the hundreds digit of 1716211?
2
What is the thousands digit of 2051941?
1
What is the hundreds digit of 139700?
7
What is the tens digit of 686297?
9
What is the units digit of 192486?
6
What is the tens digit of 3544651?
5
What is the units digit of 10864320?
0
What is the tens digit of 1908364?
6
What is the ten millions digit of 14974528?
1
What is the tens digit of 455074?
7
What is the ten thousands digit of 374821?
7
What is the thousands digit of 4345221?
5
What is the hundreds digit of 736187?
1
What is the tens digit of 3099333?
3
What is the hundred thousands digit of 491376?
4
What is the thousands digit of 17972044?
2
What is the thousands digit of 511775?
1
What is the ten thousands digit of 304849?
0
What is the tens digit of 207342?
4
What is the hundreds digit of 1051778?
7
What is the hundred thousands digit of 394822?
3
What is the units digit of 37336?
6
What is the units digit of 3516801?
1
What is the tens digit of 308297?
9
What is the tens digit of 723239?
3
What is the hundred thousands digit of 1030094?
0
What is the ten thousands digit of 120426?
2
What is the tens digit of 1023637?
3
What is the tens digit of 620368?
6
What is the thousands digit of 326949?
6
What is the thousands digit of 85620?
5
What is the hundred thousands digit of 685010?
6
What is the hundred thousands digit of 18594260?
5
What is the hundreds digit of 1089346?
3
What is the tens digit of 2447175?
7
What is the hundred thousands digit of 367416?
3
What is the units digit of 1979671?
1
What is the ten thousands digit of 193937?
9
What is the hundred thousands digit of 21233432?
2
What is the hundred thousands digit of 177340?
1
What is the thousands digit of 589329?
9
What is the ten thousands digit of 1532529?
3
What is the ten thousands digit of 9930564?
3
What is the hundreds digit of 3929040?
0
What is the tens digit of 6337089?
8
What is the thousands digit of 373463?
3
What is the units digit of 161587?
7
What is the units digit of 122679?
9
What is the ten thousands digit of 1603577?
0
What is the ten thousands digit of 2193098?
9
What is the hundred thousands digit of 1533935?
5
What is the hundred thousands digit of 5318464?
3
What is the tens digit of 12501509?
0
What is the ten thousands digit of 1905032?
0
What is the tens digit of 337281?
8
What is the ten thousands digit of 4527098?
2
What is the ten thousands digit of 220246?
2
What is the units digit of 137574?
4
What is the ten thousands digit of 31075?
3
What is the hundred thousands digit of 16948432?
9
What is the units digit of 139748?
8
What is the tens digit of 163568?
6
What is the tens digit of 299034?
3
What is the hundreds digit of 129783?
7
What is the tens digit of 1405194?
9
What is the units digit of 1145972?
2
What is the hundred thousands digit of 3251799?
2
What is the hundreds digit of 2848783?
7
What is the hundreds digit of 4844443?
4
What is the tens digit of 3454824?
2
What is the units digit of 9538946?
6
What is the hundreds digit of 11496670?
6
What is the units digit of 225169?
9
What is the ten thousands digit of 4597577?
9
What is the thousands digit of 292996?
2
What is the ten thousands digit of 2131297?
3
What is the thousands digit of 315520?
5
What is the thousands digit of 13327716?
7
What is the units digit of 975530?
0
What is the units digit of 30913?
3
What is the hundred thousands digit of 5690283?
6
What is the millions digit of 1315501?
1
What is the hundreds digit of 71033?
0
What is the tens digit of 1569335?
3
What is the ten thousands digit of 2547025?
4
What is the thousands digit of 21465852?
5
What is the thousands digit of 927788?
7
What is the hundreds digit of 7019003?
0
What is the thousands digit of 63157?
3
What is the tens digit of 1307911?
1
What is the hundred thousands digit of 928930?
9
What is the millions digit of 1404812?
1
What is the ten thousands digit of 506852?
0
What is the thousands digit of 1893758?
3
What is the hundred thousands digit of 1229810?
2
What is the millions digit of 2622855?
2
What is the ten thousands digit of 60965?
6
What is the ten thousands digit of 606995?
0
What is the tens digit of 23394552?
5
What is the millions digit of 1101290?
1
What is the tens digit of 2929970?
7
What is the hundred thousands digit of 294444?
2
What is the hundred thousands digit of 2423516?
4
What is the thousands digit of 854054?
4
What is the tens digit of 115063?
6
What is the units digit of 34964263?
3
What is the millions digit of 2727762?
2
What is the ten thousands digit of 4046837?
4
What is the units digit of 11377279?
9
What is the ten thousands digit of 95603?
9
What is the ten thousands digit of 23190902?
9
What is the hundreds digit of 492183?
1
What is the hundred thousands digit of 792201?
7
What is the thousands digit of 18942691?
2
What is the hundred thousands digit of 26688380?
6
What is the thousands digit of 18788059?
8
What is the tens digit of 337046?
4
What is the ten thousands digit of 1136958?
3
What is the hundreds digit of 89252?
2
What is the thousands digit of 198294?
8
What is the tens digit of 790946?
4
What is the units digit of 483477?
7
What is the tens digit of 10671623?
2
What is the hundreds digit of 3403731?
7
What is the millions digit of 19758269?
9
What is the thousands digit of 81658?
1
What is the millions digit of 9205981?
9
What is the ten thousands digit of 322925?
2
What is the tens digit of 4761080?
8
What is the tens digit of 41012?
1
What is the units digit of 200873?
3
What is the millions digit of 27740145?
7
What is the tens digit of 3920499?
9
What is the ten thousands digit of 20254942?
5
What is the hundred thousands digit of 1819628?
8
What is the ten thousands digit of 274201?
7
What is the tens digit of 721977?
7
What is the thousands digit of 8340566?
0
What is the ten thousands digit of 7145607?
4
What is the tens digit of 420601?
0
What is the tens digit of 2079265?
6
What is the thousands digit of 125899?
5
What is the hundreds digit of 4217482?
4
What is the ten thousands digit of 5106413?
0
What is the units digit of 8648372?
2
What is the units digit of 2164292?
2
What is the hundreds digit of 50435?
4
What is the ten thousands digit of 675503?
7
What is the hundred thousands digit of 5845713?
8
What is the hundred thousands digit of 281146?
2
What is the hundreds digit of 9476261?
2
What is the millions digit of 10885064?
0
What is the hundreds digit of 205715?
7
What is the hundred thousands digit of 640201?
6
What is the ten thousands digit of 3494383?
9
What is the hundreds digit of 721?
7
What is the tens digit of 6103072?
7
What is the thousands 